a(8). Suppose -t*u + 84 = -18*u. What are the prime factors of u?
2, 7
Let m = 24374 + -10534. What are the prime factors of m?
2, 5, 173
Suppose 2*j + 6*j - 976 = 0. Let k = j - -140. Suppose k = 3*q + 25. What are the prime factors of q?
79
Suppose -4*b = -o + 6*o - 115, -3*o = 2*b - 67. Let l(y) = 4 - 3 - 2 + 13*y**2 - o*y - 1. What are the prime factors of l(-3)?
2, 43
Let n(i) = -11*i**2 + 1518*i - 114. List the prime factors of n(75).
3, 59, 293
Suppose -158*w = -163*w + 25, -2*w = b - 2583. List the prime factors of b.
31, 83
Let u(n) = -3497*n**3 + 3*n**2 + 8*n + 6. List the prime factors of u(-1).
2, 3, 11, 53
Suppose -132 = g - 2*g + 2*i, 117 = g + i. Let c = -74 + g. What are the prime factors of c?
2, 3
List the prime factors of -6 + 16 + -4 + (-3 - -5 - -11609).
11617
Let x(w) = 449*w**2 + 12*w + 9. List the prime factors of x(2).
31, 59
Let h(u) = -2*u**2 + 6*u + 8. Let z be h(9). Let k = 476 + z. What are the prime factors of k?
2, 47
Let i be (0 - 2)*(-23 + 16). Suppose -m - 3*a = 2*a - 20, 0 = -4*m + 2*a + i. List the prime factors of (m/(-4))/(7/(-1456)).
2, 5, 13
Let s be ((-30)/20)/(6/(-8)). Suppose s*p - 2*a = -0*p + 918, 1382 = 3*p - 2*a. Suppose -12 = -4*m + p. List the prime factors of m.
7, 17
Let o = 51344 - 25296. What are the prime factors of o?
2, 11, 37
Suppose 22*c = -19*c - 23*c + 1092352. What are the prime factors of c?
2, 17, 251
Suppose -46 = 5*t - 351. Let m = 126 + t. Suppose -m = -8*d + 261. List the prime factors of d.
2, 7
Let b(o) = 57*o**2 + 36*o + 94. What are the prime factors of b(-6)?
2, 5, 193
Suppose -17*h - 8038 = -18836 - 15008. List the prime factors of h.
2, 3, 11, 23
Suppose g = 4*a - 18, 0*a = -g + 2*a - 10. Let z(v) = -v**3 - v**2 - 2*v + 4. Let h be z(g). List the prime factors of h/32 + (-2580)/(-32).
3
What are the prime factors of 6/(17 - (-351376)/(-20672))?
2, 17, 19
Let q = 9825 + -6629. What are the prime factors of q?
2, 17, 47
Let u = -94 - -1909. What are the prime factors of u?
3, 5, 11
Let y = 57 + -12. Let g = 44 - y. List the prime factors of -35*1/g + (8 - 6).
37
Suppose 5*b + 4*s + 4 = -6, 0 = 2*b + s + 1. Suppose -b*m + 3*w = -397 - 12, -3*m + 3*w = -618. List the prime factors of m.
11, 19
Let y(a) = -2921*a - 1040. What are the prime factors of y(-4)?
2, 3, 887
Suppose -4*v + 3 = -25. Suppose 5*p - 1386 = -4*o, -4*o + 3 = v. Let g = p - 156. What are the prime factors of g?
2, 61
Suppose 5*y - p = 22612, 9*y + 13577 = 12*y - 2*p. List the prime factors of y.
3, 11, 137
Let l(r) = -18*r - 3. Let n(d) = -2*d**2 - 17*d - 1. Let t be n(-9). Let w be l(t). Let q = w + -29. What are the prime factors of q?
2, 37
Suppose 8736 = 35*h - 19*h. Suppose h = 9*k + 4*k. What are the prime factors of k?
2, 3, 7
Suppose -9436 = -u - 50*n + 47*n, 0 = 4*n + 24. What are the prime factors of u?
2, 29, 163
Suppose 0 = -1032*m + 1031*m + 2*d + 15699, m = -d + 15720. List the prime factors of m.
19, 827
Suppose 3*f = -f + 4*j - 3964, f + 988 = 2*j. Let l = -529 - f. What are the prime factors of l?
3, 5, 31
Let l(b) be the first derivative of 3*b**2/2 + 19*b + 1. Let u be l(-5). Suppose 0 = u*s - 12*s + 832. What are the prime factors of s?
2, 13
Let r(y) = y - 15. Let u be r(20). Suppose -5*o = -u*t - 4210, 5*o + 10*t - 7*t - 4170 = 0. What are the prime factors of o?
3, 31
Let k(z) = 2*z**2 - 22*z + 1969. Let x be k(0). Let y = 3309 - x. What are the prime factors of y?
2, 5, 67
Let v(g) = 43*g**2 - 4 - 52*g**2 - g**3 + 0*g**3. Let x be v(-9). List the prime factors of (13 + 1)/(x/(-18)).
3, 7
Suppose -29604 = 58*f - 206794. What are the prime factors of f?
5, 13, 47
Suppose -2*q + 6*l - l = -44, q = l + 25. Suppose -3*u = -3*x - 0*u - q, -4*u = x - 11. What are the prime factors of (x/(15/166))/((-2)/6)?
2, 83
Let c be 18/(-12) + 606/4. Suppose c*s - 4088 = 146*s. List the prime factors of s.
2, 7, 73
Let z be ((-5504)/(-10))/2*(-390)/(-52). Suppose z = 2*m + 2*t - t, t - 5154 = -5*m. List the prime factors of m.
2, 5, 103
Let q(h) = -8*h + 22. Let a be q(9). Let g = -46 - a. Suppose 0 = -g*m + 643 - 239. List the prime factors of m.
101
Let x = 277 + -144. Suppose -7*l = -3*l - 12. Suppose -77 - x = -l*q. What are the prime factors of q?
2, 5, 7
Let k(g) = 101*g + 67. Let u(d) = 51*d + 33. Let x(i) = -6*k(i) + 13*u(i). Let t be x(7). Suppose -t = 5*h - 11*h. What are the prime factors of h?
71
Let b = -1009 + 1918. List the prime factors of b.
3, 101
Suppose -3*y + 20418 + 31582 = y. What are the prime factors of y?
2, 5, 13
Let x(u) = -15*u**3 + 6*u**2 - 24. Let b be x(-7). Suppose 8*q - b = 313. What are the prime factors of q?
2, 179
List the prime factors of ((-1101)/1835)/((-3)/225150).
2, 3, 5, 19, 79
Let g(o) be the third derivative of -23*o**4/6 - 17*o**3/6 + 34*o**2. Let f = -31 - -29. List the prime factors of g(f).
167
Suppose 4*d + 53 = 5*m + 3*d, -5*m + 35 = 5*d. Suppose -1 = 4*x - o - 21, -m = -2*x - o. What are the prime factors of x?
5
Suppose 3*v - 16316 = -8*s + 4*s, -v = 5*s - 20406. What are the prime factors of s?
2, 13, 157
List the prime factors of -3*(46167/(-6) + (-3)/6).
3, 5, 19
Let t = 76433 + -34797. List the prime factors of t.
2, 7, 1487
List the prime factors of 64/13 - 5 - 5942250/(-195).
31, 983
Let v = -3624 - -3639. Let u be 1/(-3) + (-32)/(-6). List the prime factors of (3 + 17/u)*v.
2, 3
Suppose -3*b + 15 = 0, 2*w - 2*b = 30 - 0. Suppose -w*c = -573 - 387. What are the prime factors of c?
2, 3
Let d(q) = 129*q**2 - 2*q - 5. Let h be d(2). Let g = h - 250. List the prime factors of g.
257
Suppose 5*n - n = 1204. Suppose h - n = -62. List the prime factors of h.
239
Suppose 0 = -301*l + 304*l + 2223. Let v = l - -1446. List the prime factors of v.
3, 5, 47
Let m = 77462 + -48771. List the prime factors of m.
13, 2207
Let p = 34628 - 24616. What are the prime factors of p?
2, 2503
Suppose 38*y + 69*y - 49280 = -3*y. List the prime factors of y.
2, 7
Let i(z) = -2*z - 8. Let u be i(-5). Suppose 2*s - 1208 = -3*m, u*s - 1606 = -4*m - 3*s. What are the prime factors of m?
2, 101
Suppose -m + 584 = -3. Suppose -3*b + 0*b + 4*c = 599, 3*b + 2*c + m = 0. Let p = 366 + b. List the prime factors of p.
13
Let m = -16178 - -33678. List the prime factors of m.
2, 5, 7
Let p = -18840 - -43075. List the prime factors of p.
5, 37, 131
Let v be (0 - 1)/((-125)/40 - -3). Suppose 5*g = -f + 46, g - 26 = -4*f + v*f. Suppose -472 = -g*i + 328. What are the prime factors of i?
2, 5
Let n be (-4 - (-3)/(-6)*110)*-3. Suppose 0 = -3*y + n + 324. List the prime factors of y.
167
Let o = 31 - 27. Suppose 6*m + l - 11 = 4*m, -m + 23 = o*l. Suppose -a + m*t + 176 = 32, -3*t + 3 = 0. What are the prime factors of a?
3, 7
Suppose -1 = -s, -5*d + 40*s = 44*s - 39599. What are the prime factors of d?
7919
Suppose -3741 = 12*x - 20550 - 21891. List the prime factors of x.
3, 5, 43
Suppose l = 14*l + 4641. Let k = l + 600. What are the prime factors of k?
3
Let h = 10345 - 3934. List the prime factors of h.
3, 2137
Suppose -2179*z = -2185*z + 1104. Suppose -310 = 183*k - z*k. List the prime factors of k.
2, 5, 31
Suppose -42 = 459*z - 466*z. Suppose -4*j + 571 = k, z*k - 3*j - 1773 = 3*k. List the prime factors of k.
587
Suppose 0 = v + 8*h - 6*h + 2, -3*h - 3 = 3*v. Suppose v = -19*k + 10570 + 4801. List the prime factors of k.
809
Suppose 26*a = -30*a + 53*a + 9690. What are the prime factors of a?
2, 5, 17, 19
Suppose 904 + 1255 = 17*d - 561. What are the prime factors of d?
2, 5
Let k(t) be the third derivative of -16/3*t**3 + 0 + 11/24*t**4 + 28*t**2 + 0*t. List the prime factors of k(6).
2, 17
Suppose -4*m = -4*m - 3*m. Suppose -3*r + 4*x - 407 = m, -2*x = 2*x + 4. List the prime factors of r/2*(-1)/((-3)/(-6)).
137
Let f(b) be the first derivative of -125*b**2/2 + 101*b - 140. What are the prime factors of f(-6)?
23, 37
Let n = 114 - 118. Let q be (n/(-3) + -3)*(-219 - 0). Suppose 5*u = -2*k + q, 0 = -4*u + 3*k + 2*k + 259. List the prime factors of u.
71
Let f be (-24 + 22)*(-1 - (-451)/2). Let v = 953 + f. List the prime factors of v.
2, 3, 7
Let w = 39 - 39. Suppose w = -c - x + 7 + 6, 0 = -4*c - 3*x + 48. What are the prime factors of (c/3 + -20)/((-3)/24)?
2, 17
Let j be ((-24)/32)/(1/(-196)). Suppose 0 = 11*o + j - 664. What are the prime factors of o?
47
Let g = 530